{"id":976,"date":"2023-06-15T18:40:51","date_gmt":"2023-06-15T10:40:51","guid":{"rendered":"https:\/\/www.generations.edu.mo\/primary-education\/"},"modified":"2026-02-03T11:39:48","modified_gmt":"2026-02-03T03:39:48","slug":"primary-education","status":"publish","type":"page","link":"https:\/\/www.generations.edu.mo\/pt-pt\/primary-education\/","title":{"rendered":"Ensino Prim\u00e1rio"},"content":{"rendered":"\n<div class=\"wp-block-group is-nowrap is-layout-flex wp-container-core-group-is-layout-2 wp-block-group-is-layout-flex\">\n<figure class=\"wp-block-image size-full\"><img loading=\"lazy\" decoding=\"async\" width=\"596\" height=\"376\" src=\"https:\/\/generations-edu-mo.ap-south-1.linodeobjects.com\/wp-content\/uploads\/2025\/08\/91e56b60_1754560371.jpg\" alt=\"\" class=\"wp-image-3703\"\/><\/figure>\n\n\n\n<div class=\"wp-block-group is-vertical is-layout-flex wp-container-core-group-is-layout-1 wp-block-group-is-layout-flex\">\n<p class=\"has-small-font-size\">O Ensino Prim\u00e1rio na GERA\u00c7\u00d5ES \u00e9 guiado por uma vis\u00e3o de futuro que integra o inovador Programa SISU, fundamentado na excel\u00eancia pedag\u00f3gica finlandesa, com a abordagem din\u00e2mica baseada em investiga\u00e7\u00e3o e transdisciplinar da candidatura do Primary Years Programme (PYP) do IB. Esta combina\u00e7\u00e3o \u00fanica nutre habilidades cr\u00edticas, como criatividade, capacidade de resolu\u00e7\u00e3o de problemas, comunica\u00e7\u00e3o e empreendedorismo, ao mesmo tempo em que promove o amor pela aprendizagem e o crescimento pessoal. Apoiado por parceiros globais de renome internacional, incluindo a Cambridge International, o programa oferece um curr\u00edculo rigoroso, mas flex\u00edvel, que respeita a cultura e os idiomas locais, a par dos padr\u00f5es internacionais. Com um tamanho reduzido de turmas e aten\u00e7\u00e3o personalizada, os alunos da GERA\u00c7\u00d5ES s\u00e3o capacitados para se tornarem alunos activos e confiantes, prontos para prosperar num mundo em constante mudan\u00e7a, fazendo a transi\u00e7\u00e3o perfeita para o IB Middle Years Programme no Ensino Secund\u00e1rio.<\/p>\n\n\n\n<div class=\"wp-block-buttons is-layout-flex wp-block-buttons-is-layout-flex\">\n<div class=\"wp-block-button\"><a class=\"wp-block-button__link wp-element-button\" href=\"https:\/\/www.sisuschools.com\/sisu-students\" target=\"_blank\" rel=\"noreferrer noopener\">SISU Information<\/a><\/div>\n\n\n\n<div class=\"wp-block-button\"><a class=\"wp-block-button__link wp-element-button\" href=\"https:\/\/www.cambridgeinternational.org\/\">Cambridge Information<\/a><\/div>\n<\/div>\n<\/div>\n<\/div>\n\n\n\n<div class=\"wp-block-columns is-layout-flex wp-container-core-columns-is-layout-1 wp-block-columns-is-layout-flex\">\n<div class=\"wp-block-column is-layout-flow wp-block-column-is-layout-flow\"><\/div>\n<\/div>\n\n\n\n<figure class=\"wp-block-image alignwide size-full\"><img loading=\"lazy\" decoding=\"async\" width=\"13552\" height=\"3406\" src=\"https:\/\/generations-edu-mo.ap-south-1.linodeobjects.com\/wp-content\/uploads\/2024\/05\/b0b807a2_1717053673.png\" alt=\"\" class=\"wp-image-1719\" srcset=\"https:\/\/generations-edu-mo.ap-south-1.linodeobjects.com\/wp-content\/uploads\/2024\/05\/b0b807a2_1717053673.png 13552w, https:\/\/generations-edu-mo.ap-south-1.linodeobjects.com\/wp-content\/uploads\/2024\/05\/b0b807a2_1717053673-768x193.png 768w\" sizes=\"(max-width: 13552px) 100vw, 13552px\" \/><\/figure>\n","protected":false},"excerpt":{"rendered":"<p>O Ensino Prim\u00e1rio na GERA\u00c7\u00d5ES \u00e9 guiado por uma vis\u00e3o de futuro que integra o inovador Programa SISU, fundamentado na excel\u00eancia pedag\u00f3gica finlandesa, com a abordagem din\u00e2mica baseada em investiga\u00e7\u00e3o e transdisciplinar da candidatura do Primary Years Programme (PYP) do IB. Esta combina\u00e7\u00e3o \u00fanica nutre habilidades cr\u00edticas, como criatividade, capacidade de resolu\u00e7\u00e3o de problemas, comunica\u00e7\u00e3o [&hellip;]<\/p>\n","protected":false},"author":1,"featured_media":0,"parent":0,"menu_order":0,"comment_status":"closed","ping_status":"closed","template":"","meta":{"_acf_changed":false,"footnotes":""},"class_list":["post-976","page","type-page","status-publish","hentry"],"acf":{"banner":""},"_links":{"self":[{"href":"https:\/\/www.generations.edu.mo\/pt-pt\/wp-json\/wp\/v2\/pages\/976"}],"collection":[{"href":"https:\/\/www.generations.edu.mo\/pt-pt\/wp-json\/wp\/v2\/pages"}],"about":[{"href":"https:\/\/www.generations.edu.mo\/pt-pt\/wp-json\/wp\/v2\/types\/page"}],"author":[{"embeddable":true,"href":"https:\/\/www.generations.edu.mo\/pt-pt\/wp-json\/wp\/v2\/users\/1"}],"replies":[{"embeddable":true,"href":"https:\/\/www.generations.edu.mo\/pt-pt\/wp-json\/wp\/v2\/comments?post=976"}],"version-history":[{"count":5,"href":"https:\/\/www.generations.edu.mo\/pt-pt\/wp-json\/wp\/v2\/pages\/976\/revisions"}],"predecessor-version":[{"id":6317,"href":"https:\/\/www.generations.edu.mo\/pt-pt\/wp-json\/wp\/v2\/pages\/976\/revisions\/6317"}],"wp:attachment":[{"href":"https:\/\/www.generations.edu.mo\/pt-pt\/wp-json\/wp\/v2\/media?parent=976"}],"curies":[{"name":"wp","href":"https:\/\/api.w.org\/{rel}","templated":true}]}}

Ensino Primário

<div class="wp-block-group is-nowrap is-layout-flex wp-container-core-group-is-layout-2 wp-block-group-is-layout-flex">
<figure class="wp-block-image size-full"><img loading="lazy" decoding="async" width="596" height="376" src="https://generations-edu-mo.ap-south-1.linodeobjects.com/wp-content/uploads/2025/08/91e56b60_1754560371.jpg" alt="" class="wp-image-3703"/></figure>



<div class="wp-block-group is-vertical is-layout-flex wp-container-core-group-is-layout-1 wp-block-group-is-layout-flex">
<p class="has-small-font-size">O Ensino Primário na GERAÇÕES é guiado por uma visão de futuro que integra o inovador Programa SISU, fundamentado na excelência pedagógica finlandesa, com a abordagem dinâmica baseada em investigação e transdisciplinar da candidatura do Primary Years Programme (PYP) do IB. Esta combinação única nutre habilidades críticas, como criatividade, capacidade de resolução de problemas, comunicação e empreendedorismo, ao mesmo tempo em que promove o amor pela aprendizagem e o crescimento pessoal. Apoiado por parceiros globais de renome internacional, incluindo a Cambridge International, o programa oferece um currículo rigoroso, mas flexível, que respeita a cultura e os idiomas locais, a par dos padrões internacionais. Com um tamanho reduzido de turmas e atenção personalizada, os alunos da GERAÇÕES são capacitados para se tornarem alunos activos e confiantes, prontos para prosperar num mundo em constante mudança, fazendo a transição perfeita para o IB Middle Years Programme no Ensino Secundário.</p>



<div class="wp-block-buttons is-layout-flex wp-block-buttons-is-layout-flex">
<div class="wp-block-button"><a class="wp-block-button__link wp-element-button" href="https://www.sisuschools.com/sisu-students" target="_blank" rel="noreferrer noopener">SISU Information</a></div>



<div class="wp-block-button"><a class="wp-block-button__link wp-element-button" href="https://www.cambridgeinternational.org/">Cambridge Information</a></div>
</div>
</div>
</div>



<div class="wp-block-columns is-layout-flex wp-container-core-columns-is-layout-1 wp-block-columns-is-layout-flex">
<div class="wp-block-column is-layout-flow wp-block-column-is-layout-flow"></div>
</div>



<figure class="wp-block-image alignwide size-full"><img loading="lazy" decoding="async" width="13552" height="3406" src="https://generations-edu-mo.ap-south-1.linodeobjects.com/wp-content/uploads/2024/05/b0b807a2_1717053673.png" alt="" class="wp-image-1719" srcset="https://generations-edu-mo.ap-south-1.linodeobjects.com/wp-content/uploads/2024/05/b0b807a2_1717053673.png 13552w, https://generations-edu-mo.ap-south-1.linodeobjects.com/wp-content/uploads/2024/05/b0b807a2_1717053673-768x193.png 768w" sizes="(max-width: 13552px) 100vw, 13552px" /></figure>

<p>O Ensino Primário na GERAÇÕES é guiado por uma visão de futuro que integra o inovador Programa SISU, fundamentado na excelência pedagógica finlandesa, com a abordagem dinâmica baseada em investigação e transdisciplinar da candidatura do Primary Years Programme (PYP) do IB. Esta combinação única nutre habilidades críticas, como criatividade, capacidade de resolução de problemas, comunicação [&hellip;]</p>
