{"id":2488,"date":"2024-08-19T14:22:09","date_gmt":"2024-08-19T06:22:09","guid":{"rendered":"https:\/\/www.generations.edu.mo\/?page_id=2488"},"modified":"2026-03-03T11:25:17","modified_gmt":"2026-03-03T03:25:17","slug":"a-nossa-historia","status":"publish","type":"page","link":"https:\/\/www.generations.edu.mo\/pt-pt\/a-nossa-historia\/","title":{"rendered":"A Nossa Hist\u00f3ria"},"content":{"rendered":"\n<div class=\"wp-block-group is-content-justification-center is-nowrap is-layout-flex wp-container-core-group-is-layout-1 wp-block-group-is-layout-flex\">\n<figure class=\"wp-block-image size-full is-resized\"><img decoding=\"async\" src=\"https:\/\/generations-edu-mo.ap-south-1.linodeobjects.com\/wp-content\/uploads\/2024\/08\/20670ecf_1723092101-e1736153878313.png\" alt=\"\" class=\"wp-image-2664\" style=\"width:299px;height:auto\"\/><figcaption class=\"wp-element-caption\">Dr. Leonel Alves<\/figcaption><\/figure>\n\n\n\n<figure class=\"wp-block-image size-full is-resized\"><img decoding=\"async\" src=\"https:\/\/generations-edu-mo.ap-south-1.linodeobjects.com\/wp-content\/uploads\/2024\/08\/e42df33e_1723092046-e1736153908557.png\" alt=\"\" class=\"wp-image-2660\" style=\"width:301px;height:auto\"\/><figcaption class=\"wp-element-caption\">Arc. Nuno Jorge<\/figcaption><\/figure>\n\n\n\n<figure class=\"wp-block-image size-full is-resized\"><img loading=\"lazy\" decoding=\"async\" width=\"300\" height=\"300\" src=\"https:\/\/generations-edu-mo.ap-south-1.linodeobjects.com\/wp-content\/uploads\/2023\/10\/9e1a0d21_1697208215.png\" alt=\"\" class=\"wp-image-474\" style=\"object-fit:cover;width:297px;height:auto\"\/><figcaption class=\"wp-element-caption\">Edith Jorge<\/figcaption><\/figure>\n<\/div>\n\n\n\n<div style=\"height:70px\" aria-hidden=\"true\" class=\"wp-block-spacer\"><\/div>\n\n\n\n<p class=\"has-large-font-size\" style=\"font-style:normal;font-weight:100\">A GERA\u00c7\u00d5ES \u00e9 a cria\u00e7\u00e3o de duas fam\u00edlias macaenses e de um grupo extraordin\u00e1rio de indiv\u00edduos que acreditaram que, juntos, poder\u00edamos fazer a diferen\u00e7a e acrescentar mais uma op\u00e7\u00e3o educativa ao panorama educativo de alta qualidade que Macau j\u00e1 tem.<\/p>\n\n\n\n<p class=\"has-large-font-size\" style=\"font-style:normal;font-weight:100\">Arch. Nuno Jorge, Edith Jorge and Dr. Leonel Alves<\/p>\n\n\n\n<p class=\"has-large-font-size\" style=\"font-style:normal;font-weight:100\">As duas fam\u00edlias fundadoras, Alves e Jorge, est\u00e3o entre as fam\u00edlias mais antigas de Macau, com mais de 400 anos de presen\u00e7a em Macau. Profissionalmente, os fundadores t\u00eam sido refer\u00eancias nas \u00e1reas do direito e da arquitetura, com d\u00e9cadas de extensos contributos para a sociedade pol\u00edtica e civil de Macau.<\/p>\n\n\n\n<p class=\"has-large-font-size\" style=\"font-style:normal;font-weight:100\">Para al\u00e9m de uma amizade muito grande e respeito m\u00fatuo, ambas as fam\u00edlias partilham dos seus valores, nomeadamente a import\u00e2ncia da fam\u00edlia \u2013 tanto assim que a escola se chama GERA\u00c7\u00d5ES \u2013 da \u00e9tica e valor do trabalho \u00e1rduo e do empreendedorismo, do servi\u00e7o comunit\u00e1rio, do amor pela nossa casa, Macau. Foi com todos estes princ\u00edpios em mente que a nossa vis\u00e3o para a GERA\u00c7\u00d5ES foi desenvolvida.<\/p>\n\n\n\n<p class=\"has-large-font-size\" style=\"font-style:normal;font-weight:100\">Todos n\u00f3s tr\u00eas Fundadores fomos formados no exterior, pelo que consider\u00e1mos apropriado criar uma plataforma internacional para preparar os nossos alunos tamb\u00e9m para uma experi\u00eancia de ensino superior internacional. Da\u00ed o foco e a necessidade de oferecer programas internacionalmente reconhecidos, como Cambridge e IB. Para complementar esta oferta, foi necess\u00e1ria a escolha da metodologia de ensino mais adequada e, ap\u00f3s um intenso per\u00edodo de pesquisa e apuramento de factos, depar\u00e1mo-nos com o modelo educativo finland\u00eas, que se tornou uma escolha f\u00e1cil para n\u00f3s.<\/p>\n\n\n\n<p class=\"has-large-font-size\" style=\"font-style:normal;font-weight:100\">Olh\u00e1mos pragmaticamente para o panorama educativo de Macau e interrog\u00e1mo-nos sobre o que poderia beneficiar o sector. Descobrimos que os altos n\u00edveis de stress e press\u00e3o emocional estavam a limitar o desenvolvimento equilibrado de crian\u00e7as e adolescentes talentosos, e essa \u00e9 uma batalha que vale a pena travar. E vencer. Por isso, propusemo-nos a atingir este objetivo sem comprometer a qualidade acad\u00e9mica que Macau defende ano ap\u00f3s ano nos rankings internacionais. Um gr\u00e1fico sobre a Finl\u00e2ndia deu-nos a resposta que tanto procur\u00e1vamos: elevados n\u00edveis de compet\u00eancia acad\u00e9mica associados a altos n\u00edveis de felicidade.<\/p>\n\n\n\n<p class=\"has-large-font-size\" style=\"font-style:normal;font-weight:100\">Esta combina\u00e7\u00e3o dos melhores programas internacionais com este m\u00e9todo comprovado de abordagem de ensino e aprendizagem resulta numa escola internacional de alto n\u00edvel, com um profundo sentido e orgulho pela heran\u00e7a de Macau e princ\u00edpios de abertura e respeito cultural.<\/p>\n\n\n\n<p class=\"has-large-font-size\" style=\"font-style:normal;font-weight:100\">A escola celebra culturas centen\u00e1rias, da China e do mundo lus\u00f3fono, enquanto analisa e adota os \u00faltimos desenvolvimentos em Intelig\u00eancia artificial, artes e bem-estar, com Cambridge e IB a garantir a competitividade e a sensa\u00e7\u00e3o de realiza\u00e7\u00e3o pessoal dos nossos alunos.<\/p>\n\n\n\n<p class=\"has-large-font-size\" style=\"font-style:normal;font-weight:100\">Como CEO da GERA\u00c7\u00d5ES, iniciei aqui o meu percurso com o maior respeito e admira\u00e7\u00e3o pelo Dr. Leonel e pelo meu Pai. Vejo-os, e aos seus cora\u00e7\u00f5es, em todos os recantos da escola, desde o mais \u00ednfimo pormenor da sua bela arquitetura, aos valores que estamos a incutir.<\/p>\n\n\n\n<p class=\"has-large-font-size\" style=\"font-style:normal;font-weight:100\">A equipa que tive a oportunidade de escolher honrou-me ao aceitar este desafio e esteve ao meu lado desde o in\u00edcio. Desde o primeiro dia de aulas, a minha vida mudou para sempre, pelos jovens talentos que me aben\u00e7oam todos os dias com a sua curiosidade, o seu humor e o seu riso, resili\u00eancia e infinito carinho, que \u00e9 absolutamente m\u00fatuo.<\/p>\n\n\n\n<p class=\"has-large-font-size\" style=\"font-style:normal;font-weight:100\">\u00c9 com esta comunidade que me comprometo, n\u00e3o s\u00f3 a dar sempre o meu melhor, mas a testar constantemente os meus limites para ser melhor e conseguir mais, por eles.<\/p>\n\n\n\n<div style=\"height:62px\" aria-hidden=\"true\" class=\"wp-block-spacer\"><\/div>\n\n\n\n<figure class=\"wp-block-image alignright size-full is-resized\"><img loading=\"lazy\" decoding=\"async\" width=\"298\" height=\"340\" src=\"https:\/\/generations-edu-mo.ap-south-1.linodeobjects.com\/wp-content\/uploads\/2023\/11\/540714a9_1700438966.png\" alt=\"\" class=\"wp-image-564\" style=\"width:145px;height:auto\"\/><\/figure>\n\n\n\n<p class=\"has-text-align-right\"><strong>Edith Jorge<\/strong><br>Fundadora &amp; CEO<\/p>\n","protected":false},"excerpt":{"rendered":"<p>A GERA\u00c7\u00d5ES \u00e9 a cria\u00e7\u00e3o de duas fam\u00edlias macaenses e de um grupo extraordin\u00e1rio de indiv\u00edduos que acreditaram que, juntos, poder\u00edamos fazer a diferen\u00e7a e acrescentar mais uma op\u00e7\u00e3o educativa ao panorama educativo de alta qualidade que Macau j\u00e1 tem. Arch. Nuno Jorge, Edith Jorge and Dr. Leonel Alves As duas fam\u00edlias fundadoras, Alves e [&hellip;]<\/p>\n","protected":false},"author":1,"featured_media":0,"parent":0,"menu_order":0,"comment_status":"closed","ping_status":"closed","template":"","meta":{"_acf_changed":false,"footnotes":""},"class_list":["post-2488","page","type-page","status-publish","hentry"],"acf":{"banner":""},"_links":{"self":[{"href":"https:\/\/www.generations.edu.mo\/pt-pt\/wp-json\/wp\/v2\/pages\/2488"}],"collection":[{"href":"https:\/\/www.generations.edu.mo\/pt-pt\/wp-json\/wp\/v2\/pages"}],"about":[{"href":"https:\/\/www.generations.edu.mo\/pt-pt\/wp-json\/wp\/v2\/types\/page"}],"author":[{"embeddable":true,"href":"https:\/\/www.generations.edu.mo\/pt-pt\/wp-json\/wp\/v2\/users\/1"}],"replies":[{"embeddable":true,"href":"https:\/\/www.generations.edu.mo\/pt-pt\/wp-json\/wp\/v2\/comments?post=2488"}],"version-history":[{"count":14,"href":"https:\/\/www.generations.edu.mo\/pt-pt\/wp-json\/wp\/v2\/pages\/2488\/revisions"}],"predecessor-version":[{"id":6584,"href":"https:\/\/www.generations.edu.mo\/pt-pt\/wp-json\/wp\/v2\/pages\/2488\/revisions\/6584"}],"wp:attachment":[{"href":"https:\/\/www.generations.edu.mo\/pt-pt\/wp-json\/wp\/v2\/media?parent=2488"}],"curies":[{"name":"wp","href":"https:\/\/api.w.org\/{rel}","templated":true}]}}

A Nossa História

<div class="wp-block-group is-content-justification-center is-nowrap is-layout-flex wp-container-core-group-is-layout-1 wp-block-group-is-layout-flex">
<figure class="wp-block-image size-full is-resized"><img decoding="async" src="https://generations-edu-mo.ap-south-1.linodeobjects.com/wp-content/uploads/2024/08/20670ecf_1723092101-e1736153878313.png" alt="" class="wp-image-2664" style="width:299px;height:auto"/><figcaption class="wp-element-caption">Dr. Leonel Alves</figcaption></figure>



<figure class="wp-block-image size-full is-resized"><img decoding="async" src="https://generations-edu-mo.ap-south-1.linodeobjects.com/wp-content/uploads/2024/08/e42df33e_1723092046-e1736153908557.png" alt="" class="wp-image-2660" style="width:301px;height:auto"/><figcaption class="wp-element-caption">Arc. Nuno Jorge</figcaption></figure>



<figure class="wp-block-image size-full is-resized"><img loading="lazy" decoding="async" width="300" height="300" src="https://generations-edu-mo.ap-south-1.linodeobjects.com/wp-content/uploads/2023/10/9e1a0d21_1697208215.png" alt="" class="wp-image-474" style="object-fit:cover;width:297px;height:auto"/><figcaption class="wp-element-caption">Edith Jorge</figcaption></figure>
</div>



<div style="height:70px" aria-hidden="true" class="wp-block-spacer"></div>



<p class="has-large-font-size" style="font-style:normal;font-weight:100">A GERAÇÕES é a criação de duas famílias macaenses e de um grupo extraordinário de indivíduos que acreditaram que, juntos, poderíamos fazer a diferença e acrescentar mais uma opção educativa ao panorama educativo de alta qualidade que Macau já tem.</p>



<p class="has-large-font-size" style="font-style:normal;font-weight:100">Arch. Nuno Jorge, Edith Jorge and Dr. Leonel Alves</p>



<p class="has-large-font-size" style="font-style:normal;font-weight:100">As duas famílias fundadoras, Alves e Jorge, estão entre as famílias mais antigas de Macau, com mais de 400 anos de presença em Macau. Profissionalmente, os fundadores têm sido referências nas áreas do direito e da arquitetura, com décadas de extensos contributos para a sociedade política e civil de Macau.</p>



<p class="has-large-font-size" style="font-style:normal;font-weight:100">Para além de uma amizade muito grande e respeito mútuo, ambas as famílias partilham dos seus valores, nomeadamente a importância da família – tanto assim que a escola se chama GERAÇÕES – da ética e valor do trabalho árduo e do empreendedorismo, do serviço comunitário, do amor pela nossa casa, Macau. Foi com todos estes princípios em mente que a nossa visão para a GERAÇÕES foi desenvolvida.</p>



<p class="has-large-font-size" style="font-style:normal;font-weight:100">Todos nós três Fundadores fomos formados no exterior, pelo que considerámos apropriado criar uma plataforma internacional para preparar os nossos alunos também para uma experiência de ensino superior internacional. Daí o foco e a necessidade de oferecer programas internacionalmente reconhecidos, como Cambridge e IB. Para complementar esta oferta, foi necessária a escolha da metodologia de ensino mais adequada e, após um intenso período de pesquisa e apuramento de factos, deparámo-nos com o modelo educativo finlandês, que se tornou uma escolha fácil para nós.</p>



<p class="has-large-font-size" style="font-style:normal;font-weight:100">Olhámos pragmaticamente para o panorama educativo de Macau e interrogámo-nos sobre o que poderia beneficiar o sector. Descobrimos que os altos níveis de stress e pressão emocional estavam a limitar o desenvolvimento equilibrado de crianças e adolescentes talentosos, e essa é uma batalha que vale a pena travar. E vencer. Por isso, propusemo-nos a atingir este objetivo sem comprometer a qualidade académica que Macau defende ano após ano nos rankings internacionais. Um gráfico sobre a Finlândia deu-nos a resposta que tanto procurávamos: elevados níveis de competência académica associados a altos níveis de felicidade.</p>



<p class="has-large-font-size" style="font-style:normal;font-weight:100">Esta combinação dos melhores programas internacionais com este método comprovado de abordagem de ensino e aprendizagem resulta numa escola internacional de alto nível, com um profundo sentido e orgulho pela herança de Macau e princípios de abertura e respeito cultural.</p>



<p class="has-large-font-size" style="font-style:normal;font-weight:100">A escola celebra culturas centenárias, da China e do mundo lusófono, enquanto analisa e adota os últimos desenvolvimentos em Inteligência artificial, artes e bem-estar, com Cambridge e IB a garantir a competitividade e a sensação de realização pessoal dos nossos alunos.</p>



<p class="has-large-font-size" style="font-style:normal;font-weight:100">Como CEO da GERAÇÕES, iniciei aqui o meu percurso com o maior respeito e admiração pelo Dr. Leonel e pelo meu Pai. Vejo-os, e aos seus corações, em todos os recantos da escola, desde o mais ínfimo pormenor da sua bela arquitetura, aos valores que estamos a incutir.</p>



<p class="has-large-font-size" style="font-style:normal;font-weight:100">A equipa que tive a oportunidade de escolher honrou-me ao aceitar este desafio e esteve ao meu lado desde o início. Desde o primeiro dia de aulas, a minha vida mudou para sempre, pelos jovens talentos que me abençoam todos os dias com a sua curiosidade, o seu humor e o seu riso, resiliência e infinito carinho, que é absolutamente mútuo.</p>



<p class="has-large-font-size" style="font-style:normal;font-weight:100">É com esta comunidade que me comprometo, não só a dar sempre o meu melhor, mas a testar constantemente os meus limites para ser melhor e conseguir mais, por eles.</p>



<div style="height:62px" aria-hidden="true" class="wp-block-spacer"></div>



<figure class="wp-block-image alignright size-full is-resized"><img loading="lazy" decoding="async" width="298" height="340" src="https://generations-edu-mo.ap-south-1.linodeobjects.com/wp-content/uploads/2023/11/540714a9_1700438966.png" alt="" class="wp-image-564" style="width:145px;height:auto"/></figure>



<p class="has-text-align-right"><strong>Edith Jorge</strong><br>Fundadora &amp; CEO</p>

<p>A GERAÇÕES é a criação de duas famílias macaenses e de um grupo extraordinário de indivíduos que acreditaram que, juntos, poderíamos fazer a diferença e acrescentar mais uma opção educativa ao panorama educativo de alta qualidade que Macau já tem. Arch. Nuno Jorge, Edith Jorge and Dr. Leonel Alves As duas famílias fundadoras, Alves e [&hellip;]</p>
