{"id":2041,"date":"2024-07-02T18:01:50","date_gmt":"2024-07-02T10:01:50","guid":{"rendered":"https:\/\/www.generations.edu.mo\/?page_id=2041"},"modified":"2026-07-23T14:38:58","modified_gmt":"2026-07-23T06:38:58","slug":"testemunho-dos-pais","status":"publish","type":"page","link":"https:\/\/www.generations.edu.mo\/pt-pt\/testemunho-dos-pais\/","title":{"rendered":"Testemunho dos Pais"},"content":{"rendered":"\n<div class=\"wp-block-columns alignwide has-turquoise-01-background-color has-background is-layout-flex wp-container-core-columns-is-layout-92126d18 wp-block-columns-is-layout-flex\" style=\"margin-bottom:0;box-shadow:var(--wp--preset--shadow--natural)\">\n<div class=\"wp-block-column is-vertically-aligned-center is-layout-flow wp-block-column-is-layout-flow\">\n<figure class=\"wp-block-image aligncenter size-full is-style-rounded\"><img decoding=\"async\" src=\"https:\/\/generations-edu-mo.ap-south-1.linodeobjects.com\/wp-content\/uploads\/2024\/06\/48aa3b4e_1719212081.jpg\" alt=\"\" class=\"wp-image-1553\"\/><\/figure>\n<\/div>\n\n\n\n<div class=\"wp-block-column is-layout-flow wp-block-column-is-layout-flow\">\n<div class=\"wp-block-group is-layout-constrained wp-block-group-is-layout-constrained\">\n<blockquote class=\"wp-block-quote is-layout-flow wp-block-quote-is-layout-flow\">\n<p class=\"has-regular-font-size wp-block-paragraph\"><strong>Pai Fundador Gera\u00e7\u00f5es<\/strong><\/p>\n\n\n\n<p class=\"has-xl-font-size wp-block-paragraph\"><strong>Eng.<\/strong> <strong>Henrique&nbsp;Marques<\/strong><\/p>\n<\/blockquote>\n<\/div>\n\n\n\n<p class=\"wp-block-paragraph\"><\/p>\n\n\n\n<p class=\"wp-block-paragraph\">Ser pai pela primeira vez \u00e9 um desafio. Ser pai pela primeira vez num pa\u00eds estrangeiro, com uma mentalidade diferente daquela com que se foi criado, torna tudo ainda mais dif\u00edcil.<\/p>\n\n\n\n<p class=\"wp-block-paragraph\">Encontramos na Gera\u00e7\u00f5es Escola Internacional um local seguro, com um projeto educacional que melhor se adapta \u00e0s aspira\u00e7\u00f5es de um estudante do mundo moderno. Um lugar onde uma crian\u00e7a pode ser crian\u00e7a, onde o ensino se baseia em experi\u00eancias de primeira m\u00e3o e para onde o nosso filho corre todas as manh\u00e3s com um sorriso no rosto.<\/p>\n\n\n\n<p class=\"wp-block-paragraph\">A melhoria do nosso filho durante o primeiro ano na nova escola foi impressionante. Muito deveu-se ao plano de estudo individualizado preparado e acompanhado por todos os profissionais da escola, bem como ao reduzido n\u00famero de alunos por sala de aula, o que permite aos professores concentrarem-se adequadamente no seu trabalho e motivar as crian\u00e7as a participarem nas diversas atividades do quotidiano.<\/p>\n\n\n\n<p class=\"wp-block-paragraph\">A Gera\u00e7\u00f5es Escola Internacional \u00e9 uma \u201clufada de ar fresco\u201d para Macau, onde a competitividade por vezes esquece que tudo na vida tem o seu tempo e que as crian\u00e7as merecem ser crian\u00e7as.<\/p>\n<\/div>\n<\/div>\n","protected":false},"excerpt":{"rendered":"<p>Pai Fundador Gera\u00e7\u00f5es Eng. Henrique&nbsp;Marques Ser pai pela primeira vez \u00e9 um desafio. Ser pai pela primeira vez num pa\u00eds estrangeiro, com uma mentalidade diferente daquela com que se foi criado, torna tudo ainda mais dif\u00edcil. Encontramos na Gera\u00e7\u00f5es Escola Internacional um local seguro, com um projeto educacional que melhor se adapta \u00e0s aspira\u00e7\u00f5es de [&hellip;]<\/p>\n","protected":false},"author":1,"featured_media":0,"parent":0,"menu_order":0,"comment_status":"closed","ping_status":"closed","template":"","meta":{"_acf_changed":false,"footnotes":""},"class_list":["post-2041","page","type-page","status-publish","hentry"],"acf":{"banner":""},"_links":{"self":[{"href":"https:\/\/www.generations.edu.mo\/pt-pt\/wp-json\/wp\/v2\/pages\/2041","targetHints":{"allow":["GET"]}}],"collection":[{"href":"https:\/\/www.generations.edu.mo\/pt-pt\/wp-json\/wp\/v2\/pages"}],"about":[{"href":"https:\/\/www.generations.edu.mo\/pt-pt\/wp-json\/wp\/v2\/types\/page"}],"author":[{"embeddable":true,"href":"https:\/\/www.generations.edu.mo\/pt-pt\/wp-json\/wp\/v2\/users\/1"}],"replies":[{"embeddable":true,"href":"https:\/\/www.generations.edu.mo\/pt-pt\/wp-json\/wp\/v2\/comments?post=2041"}],"version-history":[{"count":6,"href":"https:\/\/www.generations.edu.mo\/pt-pt\/wp-json\/wp\/v2\/pages\/2041\/revisions"}],"predecessor-version":[{"id":7578,"href":"https:\/\/www.generations.edu.mo\/pt-pt\/wp-json\/wp\/v2\/pages\/2041\/revisions\/7578"}],"wp:attachment":[{"href":"https:\/\/www.generations.edu.mo\/pt-pt\/wp-json\/wp\/v2\/media?parent=2041"}],"curies":[{"name":"wp","href":"https:\/\/api.w.org\/{rel}","templated":true}]}}

<div class="wp-block-columns alignwide has-turquoise-01-background-color has-background is-layout-flex wp-container-core-columns-is-layout-92126d18 wp-block-columns-is-layout-flex" style="margin-bottom:0;box-shadow:var(--wp--preset--shadow--natural)">
<div class="wp-block-column is-vertically-aligned-center is-layout-flow wp-block-column-is-layout-flow">
<figure class="wp-block-image aligncenter size-full is-style-rounded"><img decoding="async" src="https://generations-edu-mo.ap-south-1.linodeobjects.com/wp-content/uploads/2024/06/48aa3b4e_1719212081.jpg" alt="" class="wp-image-1553"/></figure>
</div>



<div class="wp-block-column is-layout-flow wp-block-column-is-layout-flow">
<div class="wp-block-group is-layout-constrained wp-block-group-is-layout-constrained">
<blockquote class="wp-block-quote is-layout-flow wp-block-quote-is-layout-flow">
<p class="has-regular-font-size wp-block-paragraph"><strong>Pai Fundador Gerações</strong></p>



<p class="has-xl-font-size wp-block-paragraph"><strong>Eng.</strong> <strong>Henrique&nbsp;Marques</strong></p>
</blockquote>
</div>



<p class="wp-block-paragraph"></p>



<p class="wp-block-paragraph">Ser pai pela primeira vez é um desafio. Ser pai pela primeira vez num país estrangeiro, com uma mentalidade diferente daquela com que se foi criado, torna tudo ainda mais difícil.</p>



<p class="wp-block-paragraph">Encontramos na Gerações Escola Internacional um local seguro, com um projeto educacional que melhor se adapta às aspirações de um estudante do mundo moderno. Um lugar onde uma criança pode ser criança, onde o ensino se baseia em experiências de primeira mão e para onde o nosso filho corre todas as manhãs com um sorriso no rosto.</p>



<p class="wp-block-paragraph">A melhoria do nosso filho durante o primeiro ano na nova escola foi impressionante. Muito deveu-se ao plano de estudo individualizado preparado e acompanhado por todos os profissionais da escola, bem como ao reduzido número de alunos por sala de aula, o que permite aos professores concentrarem-se adequadamente no seu trabalho e motivar as crianças a participarem nas diversas atividades do quotidiano.</p>



<p class="wp-block-paragraph">A Gerações Escola Internacional é uma “lufada de ar fresco” para Macau, onde a competitividade por vezes esquece que tudo na vida tem o seu tempo e que as crianças merecem ser crianças.</p>
</div>
</div>

<p>Pai Fundador Gerações Eng. Henrique&nbsp;Marques Ser pai pela primeira vez é um desafio. Ser pai pela primeira vez num país estrangeiro, com uma mentalidade diferente daquela com que se foi criado, torna tudo ainda mais difícil. Encontramos na Gerações Escola Internacional um local seguro, com um projeto educacional que melhor se adapta às aspirações de [&hellip;]</p>
