{"id":1027,"date":"2023-06-15T00:17:41","date_gmt":"2023-06-14T16:17:41","guid":{"rendered":"https:\/\/www.generations.edu.mo\/vision-and-mission\/"},"modified":"2026-01-02T14:28:27","modified_gmt":"2026-01-02T06:28:27","slug":"vision-and-mission","status":"publish","type":"page","link":"https:\/\/www.generations.edu.mo\/pt-pt\/vision-and-mission\/","title":{"rendered":"Vis\u00e3o e Miss\u00e3o"},"content":{"rendered":"\n<p class=\"has-text-align-left has-large-font-size\">A GERA\u00c7\u00d5ES prop\u00f5e-se a contribuir para o desenvolvimento de cidad\u00e3os com uma mente aberta, que sejam criativos e solid\u00e1rios, capazes de se envolverem numa aprendizagem cont\u00ednua e flex\u00edvel. O objetivo \u00e9 conduzi-los ao seu futuro caminho de descobertas \u00fanicas, n\u00e3o s\u00f3 para a sua realiza\u00e7\u00e3o pessoal, mas tamb\u00e9m colectivamente, como instrumentos para alcan\u00e7ar os objetivos de paz, coopera\u00e7\u00e3o e desenvolvimento.<\/p>\n\n\n\n<div class=\"wp-block-group is-nowrap is-layout-flex wp-container-core-group-is-layout-13 wp-block-group-is-layout-flex\">\n<div class=\"wp-block-group is-vertical is-content-justification-center is-layout-flex wp-container-core-group-is-layout-2 wp-block-group-is-layout-flex\">\n<figure class=\"wp-block-image size-large\"><img decoding=\"async\" src=\"https:\/\/generations-edu-mo.ap-south-1.linodeobjects.com\/wp-content\/uploads\/2024\/08\/e66334f5_1722677187.png\" alt=\"\"\/><\/figure>\n\n\n\n<div class=\"wp-block-group is-layout-constrained wp-block-group-is-layout-constrained\">\n<h2 class=\"wp-block-heading has-text-align-center\">Generations<\/h2>\n\n\n\n<p class=\"has-text-align-center\">Promover a rela\u00e7\u00e3o e a empatia entre as diferentes gera\u00e7\u00f5es, visando o conhecimento m\u00fatuo e respeito, diversidade e empatia entre todos<\/p>\n<\/div>\n<\/div>\n\n\n\n<div class=\"wp-block-group is-vertical is-content-justification-center is-layout-flex wp-container-core-group-is-layout-4 wp-block-group-is-layout-flex\">\n<figure class=\"wp-block-image size-large\"><img decoding=\"async\" src=\"https:\/\/generations-edu-mo.ap-south-1.linodeobjects.com\/wp-content\/uploads\/2024\/08\/e5f915ef_1722677188.png\" alt=\"\"\/><\/figure>\n\n\n\n<div class=\"wp-block-group is-layout-constrained wp-block-group-is-layout-constrained\">\n<h2 class=\"wp-block-heading has-text-align-center\">Nature<\/h2>\n\n\n\n<p class=\"has-text-align-center\">Defender a preserva\u00e7\u00e3o da natureza, aprender sobre &#8220;energia verde&#8221;, reciclagem e economia circular<\/p>\n<\/div>\n<\/div>\n\n\n\n<div class=\"wp-block-group is-vertical is-content-justification-center is-layout-flex wp-container-core-group-is-layout-6 wp-block-group-is-layout-flex\">\n<figure class=\"wp-block-image size-large\"><img decoding=\"async\" src=\"https:\/\/generations-edu-mo.ap-south-1.linodeobjects.com\/wp-content\/uploads\/2024\/08\/f884e156_1722677189.png\" alt=\"\"\/><\/figure>\n\n\n\n<div class=\"wp-block-group is-layout-constrained wp-block-group-is-layout-constrained\">\n<h2 class=\"wp-block-heading has-text-align-center\">Citizenship<\/h2>\n\n\n\n<p class=\"has-text-align-center\">Promover a cidadania respons\u00e1vel, informada, conhecedora e reflexiva, defendendo a paz e a estabilidade, o progresso e o desenvolvimento econ\u00f3mico e social sustent\u00e1vel<\/p>\n<\/div>\n<\/div>\n\n\n\n<div class=\"wp-block-group is-vertical is-content-justification-center is-layout-flex wp-container-core-group-is-layout-8 wp-block-group-is-layout-flex\">\n<figure class=\"wp-block-image size-large\"><img decoding=\"async\" src=\"https:\/\/generations-edu-mo.ap-south-1.linodeobjects.com\/wp-content\/uploads\/2024\/08\/e9d2c858_1722677189.png\" alt=\"\"\/><\/figure>\n\n\n\n<div class=\"wp-block-group is-layout-constrained wp-block-group-is-layout-constrained\">\n<h2 class=\"wp-block-heading has-text-align-center\">Entrepreneurial<\/h2>\n\n\n\n<p class=\"has-text-align-center\">Encorajar o esp\u00edrito Empreendorismo dos alunos, preparando-os para a vida pr\u00e1tica<\/p>\n<\/div>\n<\/div>\n\n\n\n<div class=\"wp-block-group is-vertical is-content-justification-center is-layout-flex wp-container-core-group-is-layout-10 wp-block-group-is-layout-flex\">\n<figure class=\"wp-block-image size-large\"><img decoding=\"async\" src=\"https:\/\/generations-edu-mo.ap-south-1.linodeobjects.com\/wp-content\/uploads\/2024\/08\/f0ab8d43_1722677190.png\" alt=\"\"\/><\/figure>\n\n\n\n<div class=\"wp-block-group is-layout-constrained wp-block-group-is-layout-constrained\">\n<h2 class=\"wp-block-heading has-text-align-center\">Higher Education Institutions<\/h2>\n\n\n\n<p class=\"has-text-align-center\">Preparar os alunos para estudos posteriores em Acesso a Institui\u00e7\u00f5es de Ensino Superior de renome internacional, tanto em l\u00edngua Inglesa, Portuguesa ou Chinesa,<\/p>\n<\/div>\n<\/div>\n\n\n\n<div class=\"wp-block-group is-vertical is-content-justification-center is-layout-flex wp-container-core-group-is-layout-12 wp-block-group-is-layout-flex\">\n<figure class=\"wp-block-image size-large\"><img decoding=\"async\" src=\"https:\/\/generations-edu-mo.ap-south-1.linodeobjects.com\/wp-content\/uploads\/2024\/08\/c95f0d7f_1722677190.png\" alt=\"\"\/><\/figure>\n\n\n\n<div class=\"wp-block-group is-layout-constrained wp-block-group-is-layout-constrained\">\n<h2 class=\"wp-block-heading has-text-align-center\">Belonging<\/h2>\n\n\n\n<p class=\"has-text-align-center\">Nutrir nos alunos o seu amor pela p\u00e1tria e o seu Sentido de Perten\u00e7a \u00e0 Sociedade da qual fazem parte, em solidariedade com todos os seus participantes<\/p>\n<\/div>\n<\/div>\n<\/div>\n","protected":false},"excerpt":{"rendered":"<p>A GERA\u00c7\u00d5ES prop\u00f5e-se a contribuir para o desenvolvimento de cidad\u00e3os com uma mente aberta, que sejam criativos e solid\u00e1rios, capazes de se envolverem numa aprendizagem cont\u00ednua e flex\u00edvel. O objetivo \u00e9 conduzi-los ao seu futuro caminho de descobertas \u00fanicas, n\u00e3o s\u00f3 para a sua realiza\u00e7\u00e3o pessoal, mas tamb\u00e9m colectivamente, como instrumentos para alcan\u00e7ar os objetivos [&hellip;]<\/p>\n","protected":false},"author":1,"featured_media":0,"parent":0,"menu_order":0,"comment_status":"closed","ping_status":"closed","template":"","meta":{"_acf_changed":false,"footnotes":""},"class_list":["post-1027","page","type-page","status-publish","hentry"],"acf":{"banner":""},"_links":{"self":[{"href":"https:\/\/www.generations.edu.mo\/pt-pt\/wp-json\/wp\/v2\/pages\/1027"}],"collection":[{"href":"https:\/\/www.generations.edu.mo\/pt-pt\/wp-json\/wp\/v2\/pages"}],"about":[{"href":"https:\/\/www.generations.edu.mo\/pt-pt\/wp-json\/wp\/v2\/types\/page"}],"author":[{"embeddable":true,"href":"https:\/\/www.generations.edu.mo\/pt-pt\/wp-json\/wp\/v2\/users\/1"}],"replies":[{"embeddable":true,"href":"https:\/\/www.generations.edu.mo\/pt-pt\/wp-json\/wp\/v2\/comments?post=1027"}],"version-history":[{"count":11,"href":"https:\/\/www.generations.edu.mo\/pt-pt\/wp-json\/wp\/v2\/pages\/1027\/revisions"}],"predecessor-version":[{"id":6062,"href":"https:\/\/www.generations.edu.mo\/pt-pt\/wp-json\/wp\/v2\/pages\/1027\/revisions\/6062"}],"wp:attachment":[{"href":"https:\/\/www.generations.edu.mo\/pt-pt\/wp-json\/wp\/v2\/media?parent=1027"}],"curies":[{"name":"wp","href":"https:\/\/api.w.org\/{rel}","templated":true}]}}

Visão e Missão

<p class="has-text-align-left has-large-font-size">A GERAÇÕES propõe-se a contribuir para o desenvolvimento de cidadãos com uma mente aberta, que sejam criativos e solidários, capazes de se envolverem numa aprendizagem contínua e flexível. O objetivo é conduzi-los ao seu futuro caminho de descobertas únicas, não só para a sua realização pessoal, mas também colectivamente, como instrumentos para alcançar os objetivos de paz, cooperação e desenvolvimento.</p>



<div class="wp-block-group is-nowrap is-layout-flex wp-container-core-group-is-layout-13 wp-block-group-is-layout-flex">
<div class="wp-block-group is-vertical is-content-justification-center is-layout-flex wp-container-core-group-is-layout-2 wp-block-group-is-layout-flex">
<figure class="wp-block-image size-large"><img decoding="async" src="https://generations-edu-mo.ap-south-1.linodeobjects.com/wp-content/uploads/2024/08/e66334f5_1722677187.png" alt=""/></figure>



<div class="wp-block-group is-layout-constrained wp-block-group-is-layout-constrained">
<h2 class="wp-block-heading has-text-align-center">Generations</h2>



<p class="has-text-align-center">Promover a relação e a empatia entre as diferentes gerações, visando o conhecimento mútuo e respeito, diversidade e empatia entre todos</p>
</div>
</div>



<div class="wp-block-group is-vertical is-content-justification-center is-layout-flex wp-container-core-group-is-layout-4 wp-block-group-is-layout-flex">
<figure class="wp-block-image size-large"><img decoding="async" src="https://generations-edu-mo.ap-south-1.linodeobjects.com/wp-content/uploads/2024/08/e5f915ef_1722677188.png" alt=""/></figure>



<div class="wp-block-group is-layout-constrained wp-block-group-is-layout-constrained">
<h2 class="wp-block-heading has-text-align-center">Nature</h2>



<p class="has-text-align-center">Defender a preservação da natureza, aprender sobre &#8220;energia verde&#8221;, reciclagem e economia circular</p>
</div>
</div>



<div class="wp-block-group is-vertical is-content-justification-center is-layout-flex wp-container-core-group-is-layout-6 wp-block-group-is-layout-flex">
<figure class="wp-block-image size-large"><img decoding="async" src="https://generations-edu-mo.ap-south-1.linodeobjects.com/wp-content/uploads/2024/08/f884e156_1722677189.png" alt=""/></figure>



<div class="wp-block-group is-layout-constrained wp-block-group-is-layout-constrained">
<h2 class="wp-block-heading has-text-align-center">Citizenship</h2>



<p class="has-text-align-center">Promover a cidadania responsável, informada, conhecedora e reflexiva, defendendo a paz e a estabilidade, o progresso e o desenvolvimento económico e social sustentável</p>
</div>
</div>



<div class="wp-block-group is-vertical is-content-justification-center is-layout-flex wp-container-core-group-is-layout-8 wp-block-group-is-layout-flex">
<figure class="wp-block-image size-large"><img decoding="async" src="https://generations-edu-mo.ap-south-1.linodeobjects.com/wp-content/uploads/2024/08/e9d2c858_1722677189.png" alt=""/></figure>



<div class="wp-block-group is-layout-constrained wp-block-group-is-layout-constrained">
<h2 class="wp-block-heading has-text-align-center">Entrepreneurial</h2>



<p class="has-text-align-center">Encorajar o espírito Empreendorismo dos alunos, preparando-os para a vida prática</p>
</div>
</div>



<div class="wp-block-group is-vertical is-content-justification-center is-layout-flex wp-container-core-group-is-layout-10 wp-block-group-is-layout-flex">
<figure class="wp-block-image size-large"><img decoding="async" src="https://generations-edu-mo.ap-south-1.linodeobjects.com/wp-content/uploads/2024/08/f0ab8d43_1722677190.png" alt=""/></figure>



<div class="wp-block-group is-layout-constrained wp-block-group-is-layout-constrained">
<h2 class="wp-block-heading has-text-align-center">Higher Education Institutions</h2>



<p class="has-text-align-center">Preparar os alunos para estudos posteriores em Acesso a Instituições de Ensino Superior de renome internacional, tanto em língua Inglesa, Portuguesa ou Chinesa,</p>
</div>
</div>



<div class="wp-block-group is-vertical is-content-justification-center is-layout-flex wp-container-core-group-is-layout-12 wp-block-group-is-layout-flex">
<figure class="wp-block-image size-large"><img decoding="async" src="https://generations-edu-mo.ap-south-1.linodeobjects.com/wp-content/uploads/2024/08/c95f0d7f_1722677190.png" alt=""/></figure>



<div class="wp-block-group is-layout-constrained wp-block-group-is-layout-constrained">
<h2 class="wp-block-heading has-text-align-center">Belonging</h2>



<p class="has-text-align-center">Nutrir nos alunos o seu amor pela pátria e o seu Sentido de Pertença à Sociedade da qual fazem parte, em solidariedade com todos os seus participantes</p>
</div>
</div>
</div>

<p>A GERAÇÕES propõe-se a contribuir para o desenvolvimento de cidadãos com uma mente aberta, que sejam criativos e solidários, capazes de se envolverem numa aprendizagem contínua e flexível. O objetivo é conduzi-los ao seu futuro caminho de descobertas únicas, não só para a sua realização pessoal, mas também colectivamente, como instrumentos para alcançar os objetivos [&hellip;]</p>
