{"id":5904,"date":"2025-12-16T14:21:01","date_gmt":"2025-12-16T06:21:01","guid":{"rendered":"https:\/\/www.generations.edu.mo\/?post_type=latest-new&#038;p=5904"},"modified":"2025-12-16T14:21:01","modified_gmt":"2025-12-16T06:21:01","slug":"geracoes-e-escola-candidata-ao-pyp","status":"publish","type":"latest-new","link":"https:\/\/www.generations.edu.mo\/pt-pt\/latest-new\/geracoes-e-escola-candidata-ao-pyp\/","title":{"rendered":"GERA\u00c7\u00d5ES \u00e9 escola candidata ao PYP"},"content":{"rendered":"\n<p>A GERA\u00c7\u00d5ES tem orgulho de anunciar a sua candidatura ao Primary Years Programme (PYP) do International Baccalaureate (IB), marcando um passo significativo no nosso compromisso em oferecer uma educa\u00e7\u00e3o de classe mundial, baseada na investiga\u00e7\u00e3o e transdisciplinaridade. Esta candidatura reflecte a nossa dedica\u00e7\u00e3o em desenvolver os nossos alunos como um todo, promovendo o crescimento intelectual, emocional e f\u00edsico num ambiente de aprendizagem estimulante e de apoio cont\u00ednuo.<\/p>\n\n\n\n<p>Como uma escola candidata ao PYP, a GERA\u00c7\u00d5ES integra os princ\u00edpios da aprendizagem centrada no aluno atrav\u00e9s de abordagens baseadas na investiga\u00e7\u00e3o e na transdisciplinaridade, alinhando-se perfeitamente com o nosso curr\u00edculo trilingue existente. O nosso ensino \u00e9 continuamente actualizado para promover a autonomia do aluno, o seu pensamento cr\u00edtico e o amor pela aprendizagem permanente e cont\u00ednua ao longo da vida. A estrutura do PYP apoia os nossos objetivos de desenvolvimento hol\u00edstico, incentivando a explora\u00e7\u00e3o das diversas \u00e1reas do conhecimento, incluindo l\u00ednguas, estudos sociais, ci\u00eancias, artes e bem-estar pessoal.<\/p>\n\n\n\n<p>O nosso processo de candidatura envolve forma\u00e7\u00e3o intensiva de docentes, desenvolvimento curricular e colabora\u00e7\u00e3o permanente com a Organiza\u00e7\u00e3o do International Baccalaureate para cumprirmos com os padr\u00f5es rigorosos desta. Estamos a trabalhar diligentemente para satisfazer todos os requisitos para a autoriza\u00e7\u00e3o completa to programa, garantindo que os nossos alunos beneficiem de um curr\u00edculo reconhecido internacionalmente que os prepara para prosperar num contexto global.<\/p>\n\n\n\n<p>Ingressar na comunidade IB PYP refor\u00e7a a miss\u00e3o da GERA\u00c7\u00d5ES de desenvolver alunos confiantes, dotados de compaix\u00e3o e de mente aberta, culturalmente conscientes e equipados com as compet\u00eancias necess\u00e1rias para o sucesso tanto agora como no futuro. Estamos ansiosos para completar esta jornada e receber mais fam\u00edlias para queiram beneficiar da educa\u00e7\u00e3o inovadora e transformativa que o PYP e a GERA\u00c7\u00d5ES oferecem em conjunto.<\/p>\n","protected":false},"excerpt":{"rendered":"<p>A GERA\u00c7\u00d5ES tem orgulho de anunciar a sua candidatura ao Primary Years Programme (PYP) do International Baccalaureate (IB), marcando um passo significativo no nosso compromisso em oferecer uma educa\u00e7\u00e3o de classe mundial, baseada na investiga\u00e7\u00e3o e transdisciplinaridade. Esta candidatura reflecte a nossa dedica\u00e7\u00e3o em desenvolver os nossos alunos como um todo, promovendo o crescimento intelectual, [&hellip;]<\/p>\n","protected":false},"featured_media":0,"menu_order":0,"template":"","format":"standard","meta":{"_acf_changed":false,"footnotes":""},"latest-new-category":[],"class_list":["post-5904","latest-new","type-latest-new","status-publish","format-standard","hentry"],"acf":{"banner":null,"direct_link":""},"_links":{"self":[{"href":"https:\/\/www.generations.edu.mo\/pt-pt\/wp-json\/wp\/v2\/latest-new\/5904"}],"collection":[{"href":"https:\/\/www.generations.edu.mo\/pt-pt\/wp-json\/wp\/v2\/latest-new"}],"about":[{"href":"https:\/\/www.generations.edu.mo\/pt-pt\/wp-json\/wp\/v2\/types\/latest-new"}],"version-history":[{"count":1,"href":"https:\/\/www.generations.edu.mo\/pt-pt\/wp-json\/wp\/v2\/latest-new\/5904\/revisions"}],"predecessor-version":[{"id":5905,"href":"https:\/\/www.generations.edu.mo\/pt-pt\/wp-json\/wp\/v2\/latest-new\/5904\/revisions\/5905"}],"wp:attachment":[{"href":"https:\/\/www.generations.edu.mo\/pt-pt\/wp-json\/wp\/v2\/media?parent=5904"}],"wp:term":[{"taxonomy":"latest-new-category","embeddable":true,"href":"https:\/\/www.generations.edu.mo\/pt-pt\/wp-json\/wp\/v2\/latest-new-category?post=5904"}],"curies":[{"name":"wp","href":"https:\/\/api.w.org\/{rel}","templated":true}]}}

GERAÇÕES é escola candidata ao PYP

<p>A GERAÇÕES tem orgulho de anunciar a sua candidatura ao Primary Years Programme (PYP) do International Baccalaureate (IB), marcando um passo significativo no nosso compromisso em oferecer uma educação de classe mundial, baseada na investigação e transdisciplinaridade. Esta candidatura reflecte a nossa dedicação em desenvolver os nossos alunos como um todo, promovendo o crescimento intelectual, emocional e físico num ambiente de aprendizagem estimulante e de apoio contínuo.</p>



<p>Como uma escola candidata ao PYP, a GERAÇÕES integra os princípios da aprendizagem centrada no aluno através de abordagens baseadas na investigação e na transdisciplinaridade, alinhando-se perfeitamente com o nosso currículo trilingue existente. O nosso ensino é continuamente actualizado para promover a autonomia do aluno, o seu pensamento crítico e o amor pela aprendizagem permanente e contínua ao longo da vida. A estrutura do PYP apoia os nossos objetivos de desenvolvimento holístico, incentivando a exploração das diversas áreas do conhecimento, incluindo línguas, estudos sociais, ciências, artes e bem-estar pessoal.</p>



<p>O nosso processo de candidatura envolve formação intensiva de docentes, desenvolvimento curricular e colaboração permanente com a Organização do International Baccalaureate para cumprirmos com os padrões rigorosos desta. Estamos a trabalhar diligentemente para satisfazer todos os requisitos para a autorização completa to programa, garantindo que os nossos alunos beneficiem de um currículo reconhecido internacionalmente que os prepara para prosperar num contexto global.</p>



<p>Ingressar na comunidade IB PYP reforça a missão da GERAÇÕES de desenvolver alunos confiantes, dotados de compaixão e de mente aberta, culturalmente conscientes e equipados com as competências necessárias para o sucesso tanto agora como no futuro. Estamos ansiosos para completar esta jornada e receber mais famílias para queiram beneficiar da educação inovadora e transformativa que o PYP e a GERAÇÕES oferecem em conjunto.</p>

<p>A GERAÇÕES tem orgulho de anunciar a sua candidatura ao Primary Years Programme (PYP) do International Baccalaureate (IB), marcando um passo significativo no nosso compromisso em oferecer uma educação de classe mundial, baseada na investigação e transdisciplinaridade. Esta candidatura reflecte a nossa dedicação em desenvolver os nossos alunos como um todo, promovendo o crescimento intelectual, [&hellip;]</p>
