{"id":5902,"date":"2025-12-16T14:19:23","date_gmt":"2025-12-16T06:19:23","guid":{"rendered":"https:\/\/www.generations.edu.mo\/?post_type=latest-new&#038;p=5902"},"modified":"2025-12-16T14:19:23","modified_gmt":"2025-12-16T06:19:23","slug":"registo-e-programa-do-dia-aberto","status":"publish","type":"latest-new","link":"https:\/\/www.generations.edu.mo\/pt-pt\/latest-new\/registo-e-programa-do-dia-aberto\/","title":{"rendered":"Registo e Programa do Dia Aberto"},"content":{"rendered":"\n<p>A GERA\u00c7\u00d5ES tem o prazer de receber fam\u00edlias interessadas para o nosso pr\u00f3ximo Dia Aberto que ser\u00e1 realizado no dia 29 de Novembro de 2025, das 9h30 \u00e0s 12h30, e constitui uma oportunidade \u00fanica para descobrir o que coloca a GERA\u00c7\u00d5ES numa posi\u00e7\u00e3o cimeira na lista de op\u00e7\u00f5es de educa\u00e7\u00e3o internacional em Macau. O Dia Aberto foi criado para proporcionar uma experi\u00eancia imersiva nos nossos programas acad\u00e9micos e de bem-estar, bem como para contactar com a nossa comunidade escolar.<\/p>\n\n\n\n<p>O registo para o Dia Aberto \u00e9 simples, pode ser feita atrav\u00e9s do link em anexo e est\u00e1 aberta a todas as fam\u00edlias interessadas em conhecer mais sobre a nossa escola. Os participantes ser\u00e3o convidados a assistir \u00e0s sess\u00f5es informativas sobre os n\u00edveis do Ensino Infantil, Prim\u00e1rio e Secund\u00e1rio, para al\u00e9m da oportunidade de visitar o campus, conhecer o nosso dedicado corpo docente e funcion\u00e1rios, e conhecer as nossas metodologias de ensino inovadoras bem como as nossas atividades estudantis.<\/p>\n\n\n\n<p>Os detalhes para o registo, incluindo o respective link bem como quaisquer informa\u00e7\u00f5es adicionais est\u00e3o dispon\u00edveis no site e nas redes sociais da GERA\u00c7\u00d5ES.<\/p>\n\n\n\n<p><br>Este evento representa o passo ideal para ingressar na fam\u00edlia GERA\u00c7\u00d5ES, alinhando a jornada educacional do seu educando com uma escola caracterizada pela excel\u00eancia, pela inclus\u00e3o e pelo fasc\u00ednio por descobertas.<\/p>\n\n\n\n<figure class=\"wp-block-image size-full\"><img loading=\"lazy\" decoding=\"async\" width=\"1080\" height=\"1350\" src=\"https:\/\/generations-edu-mo.ap-south-1.linodeobjects.com\/wp-content\/uploads\/2025\/12\/84b19d40_1765274187.jpg\" alt=\"\" class=\"wp-image-5821\" srcset=\"https:\/\/generations-edu-mo.ap-south-1.linodeobjects.com\/wp-content\/uploads\/2025\/12\/84b19d40_1765274187.jpg 1080w, https:\/\/generations-edu-mo.ap-south-1.linodeobjects.com\/wp-content\/uploads\/2025\/12\/84b19d40_1765274187-768x960.jpg 768w\" sizes=\"(max-width: 1080px) 100vw, 1080px\" \/><\/figure>\n","protected":false},"excerpt":{"rendered":"<p>A GERA\u00c7\u00d5ES tem o prazer de receber fam\u00edlias interessadas para o nosso pr\u00f3ximo Dia Aberto que ser\u00e1 realizado no dia 29 de Novembro de 2025, das 9h30 \u00e0s 12h30, e constitui uma oportunidade \u00fanica para descobrir o que coloca a GERA\u00c7\u00d5ES numa posi\u00e7\u00e3o cimeira na lista de op\u00e7\u00f5es de educa\u00e7\u00e3o internacional em Macau. O Dia [&hellip;]<\/p>\n","protected":false},"featured_media":0,"menu_order":0,"template":"","format":"standard","meta":{"_acf_changed":false,"footnotes":""},"latest-new-category":[],"class_list":["post-5902","latest-new","type-latest-new","status-publish","format-standard","hentry"],"acf":{"banner":null,"direct_link":""},"_links":{"self":[{"href":"https:\/\/www.generations.edu.mo\/pt-pt\/wp-json\/wp\/v2\/latest-new\/5902"}],"collection":[{"href":"https:\/\/www.generations.edu.mo\/pt-pt\/wp-json\/wp\/v2\/latest-new"}],"about":[{"href":"https:\/\/www.generations.edu.mo\/pt-pt\/wp-json\/wp\/v2\/types\/latest-new"}],"version-history":[{"count":1,"href":"https:\/\/www.generations.edu.mo\/pt-pt\/wp-json\/wp\/v2\/latest-new\/5902\/revisions"}],"predecessor-version":[{"id":5903,"href":"https:\/\/www.generations.edu.mo\/pt-pt\/wp-json\/wp\/v2\/latest-new\/5902\/revisions\/5903"}],"wp:attachment":[{"href":"https:\/\/www.generations.edu.mo\/pt-pt\/wp-json\/wp\/v2\/media?parent=5902"}],"wp:term":[{"taxonomy":"latest-new-category","embeddable":true,"href":"https:\/\/www.generations.edu.mo\/pt-pt\/wp-json\/wp\/v2\/latest-new-category?post=5902"}],"curies":[{"name":"wp","href":"https:\/\/api.w.org\/{rel}","templated":true}]}}

<p>A GERAÇÕES tem o prazer de receber famílias interessadas para o nosso próximo Dia Aberto que será realizado no dia 29 de Novembro de 2025, das 9h30 às 12h30, e constitui uma oportunidade única para descobrir o que coloca a GERAÇÕES numa posição cimeira na lista de opções de educação internacional em Macau. O Dia Aberto foi criado para proporcionar uma experiência imersiva nos nossos programas académicos e de bem-estar, bem como para contactar com a nossa comunidade escolar.</p>



<p>O registo para o Dia Aberto é simples, pode ser feita através do link em anexo e está aberta a todas as famílias interessadas em conhecer mais sobre a nossa escola. Os participantes serão convidados a assistir às sessões informativas sobre os níveis do Ensino Infantil, Primário e Secundário, para além da oportunidade de visitar o campus, conhecer o nosso dedicado corpo docente e funcionários, e conhecer as nossas metodologias de ensino inovadoras bem como as nossas atividades estudantis.</p>



<p>Os detalhes para o registo, incluindo o respective link bem como quaisquer informações adicionais estão disponíveis no site e nas redes sociais da GERAÇÕES.</p>



<p><br>Este evento representa o passo ideal para ingressar na família GERAÇÕES, alinhando a jornada educacional do seu educando com uma escola caracterizada pela excelência, pela inclusão e pelo fascínio por descobertas.</p>



<figure class="wp-block-image size-full"><img loading="lazy" decoding="async" width="1080" height="1350" src="https://generations-edu-mo.ap-south-1.linodeobjects.com/wp-content/uploads/2025/12/84b19d40_1765274187.jpg" alt="" class="wp-image-5821" srcset="https://generations-edu-mo.ap-south-1.linodeobjects.com/wp-content/uploads/2025/12/84b19d40_1765274187.jpg 1080w, https://generations-edu-mo.ap-south-1.linodeobjects.com/wp-content/uploads/2025/12/84b19d40_1765274187-768x960.jpg 768w" sizes="(max-width: 1080px) 100vw, 1080px" /></figure>

<p>A GERAÇÕES tem o prazer de receber famílias interessadas para o nosso próximo Dia Aberto que será realizado no dia 29 de Novembro de 2025, das 9h30 às 12h30, e constitui uma oportunidade única para descobrir o que coloca a GERAÇÕES numa posição cimeira na lista de opções de educação internacional em Macau. O Dia [&hellip;]</p>
